{"id":4999,"date":"2021-02-13T00:01:51","date_gmt":"2021-02-12T23:01:51","guid":{"rendered":"https:\/\/lesnaturalistesdeletoile.com\/?page_id=4999"},"modified":"2025-03-07T17:42:41","modified_gmt":"2025-03-07T16:42:41","slug":"liens-utiles-myxomycetes","status":"publish","type":"page","link":"https:\/\/lesnaturalistesdeletoile.com\/index.php\/liens-utiles-myxomycetes\/","title":{"rendered":"Liens utiles : myxomyc\u00e8tes"},"content":{"rendered":"\n<p><img loading=\"lazy\" decoding=\"async\" class=\"size-medium wp-image-4608 aligncenter\" src=\"https:\/\/lesnaturalistesdeletoile.com\/wp-content\/uploads\/2020\/02\/Bouton-Myxomyc\u00e8tes-300x107.jpg\" alt=\"\" width=\"300\" height=\"107\" srcset=\"https:\/\/lesnaturalistesdeletoile.com\/wp-content\/uploads\/2020\/02\/Bouton-Myxomyc\u00e8tes-300x107.jpg 300w, https:\/\/lesnaturalistesdeletoile.com\/wp-content\/uploads\/2020\/02\/Bouton-Myxomyc\u00e8tes.jpg 598w\" sizes=\"auto, (max-width: 300px) 100vw, 300px\" \/><\/p>\n<p>&nbsp;<\/p>\n<p>Il existe peu de sites consacr\u00e9s aux Myxomyc\u00e8tes, ces \u00e9tranges \u00ab&nbsp;amibes collectives&nbsp;\u00bb qui se d\u00e9forment et se d\u00e9placent, pr\u00e9sentant des aspects diff\u00e9rents suivant le stade de leur \u00e9volution (plasmode et sporocarpes). Voici les plus int\u00e9ressants.<\/p>\n<p>Il existait un excellent site belge<strong> Myxo.be, <\/strong>de Mireille Lenne, mais il n\u2019est malheureusement plus accessible.<\/p>\n<p><strong>The Eumycetozoan Project data base (galerie photos)<\/strong><br>Tr\u00e8s importante base de donn\u00e9es, grande galerie photos. Indispensable, mais recherches pas forc\u00e9ment faciles&#8230;<br><a href=\"http:\/\/www.discoverlife.org\/20\/q?see=I_UARK\/0001\" target=\"_blank\" rel=\"noopener\">http:\/\/www.discoverlife.org\/20\/q?see=I_UARK\/0001<\/a><\/p>\n<p><strong>Myxomyc\u00e8tes&nbsp;des Vosges\u2026 et d\u2019ailleurs<\/strong><br>Site de Bernard Woerly. Nombreuses fiches (plus de 200 esp\u00e8ces), avec photos et explications compl\u00e8tes.<br><a href=\"http:\/\/www.myxosdesvosges.org\/\" target=\"_blank\" rel=\"noopener\">http:\/\/www.myxosdesvosges.org\/<\/a><\/p>\n<p><strong>Myxomyc\u00e8tes<\/strong><br>Site de Jean-Louis Cheype. Belle galerie photos, plus de 140 esp\u00e8ces avec quelques explications.<br><a href=\"http:\/\/jlcheype.free.fr\/classification\/Myxomycetes\/Myxomycetes.htm\" target=\"_blank\" rel=\"noopener\">http:\/\/jlcheype.free.fr\/classification\/Myxomycetes\/Myxomycetes.htm<\/a><\/p>\n<p><strong>Sanamyan.com, Myxomycetes<\/strong><br>Site russe. L\u2019index permet d\u2019acc\u00e9der \u00e0 de superbes photos, mais peu d\u2019esp\u00e8ces (une vingtaine).<br><a href=\"http:\/\/sanamyan.com\/mycetozoa\/lamproderma_arcyrioides.php\" target=\"_blank\" rel=\"noopener\">http:\/\/sanamyan.com\/mycetozoa\/lamproderma_arcyrioides.php<\/a><\/p>\n<h3>Images li\u00e9es:<\/h3>","protected":false},"excerpt":{"rendered":"<p>&nbsp; Il existe peu de sites consacr\u00e9s aux Myxomyc\u00e8tes, ces \u00e9tranges \u00ab&nbsp;amibes collectives&nbsp;\u00bb qui se d\u00e9forment et se d\u00e9placent, pr\u00e9sentant des aspects diff\u00e9rents suivant le stade de leur \u00e9volution (plasmode et sporocarpes). Voici les plus int\u00e9ressants. Il existait un excellent site belge Myxo.be, de Mireille Lenne, mais il n\u2019est malheureusement plus accessible. The Eumycetozoan Project [&hellip;]<\/p>\n","protected":false},"author":7,"featured_media":0,"parent":0,"menu_order":0,"comment_status":"closed","ping_status":"closed","template":"","meta":{"ngg_post_thumbnail":0,"ocean_post_layout":"","ocean_both_sidebars_style":"","ocean_both_sidebars_content_width":0,"ocean_both_sidebars_sidebars_width":0,"ocean_sidebar":"0","ocean_second_sidebar":"0","ocean_disable_margins":"enable","ocean_add_body_class":"","ocean_shortcode_before_top_bar":"","ocean_shortcode_after_top_bar":"","ocean_shortcode_before_header":"","ocean_shortcode_after_header":"","ocean_has_shortcode":"","ocean_shortcode_after_title":"","ocean_shortcode_before_footer_widgets":"","ocean_shortcode_after_footer_widgets":"","ocean_shortcode_before_footer_bottom":"","ocean_shortcode_after_footer_bottom":"","ocean_display_top_bar":"default","ocean_display_header":"default","ocean_header_style":"","ocean_center_header_left_menu":"0","ocean_custom_header_template":"0","ocean_custom_logo":0,"ocean_custom_retina_logo":0,"ocean_custom_logo_max_width":0,"ocean_custom_logo_tablet_max_width":0,"ocean_custom_logo_mobile_max_width":0,"ocean_custom_logo_max_height":0,"ocean_custom_logo_tablet_max_height":0,"ocean_custom_logo_mobile_max_height":0,"ocean_header_custom_menu":"0","ocean_menu_typo_font_family":"0","ocean_menu_typo_font_subset":"","ocean_menu_typo_font_size":0,"ocean_menu_typo_font_size_tablet":0,"ocean_menu_typo_font_size_mobile":0,"ocean_menu_typo_font_size_unit":"px","ocean_menu_typo_font_weight":"","ocean_menu_typo_font_weight_tablet":"","ocean_menu_typo_font_weight_mobile":"","ocean_menu_typo_transform":"","ocean_menu_typo_transform_tablet":"","ocean_menu_typo_transform_mobile":"","ocean_menu_typo_line_height":0,"ocean_menu_typo_line_height_tablet":0,"ocean_menu_typo_line_height_mobile":0,"ocean_menu_typo_line_height_unit":"","ocean_menu_typo_spacing":0,"ocean_menu_typo_spacing_tablet":0,"ocean_menu_typo_spacing_mobile":0,"ocean_menu_typo_spacing_unit":"","ocean_menu_link_color":"","ocean_menu_link_color_hover":"","ocean_menu_link_color_active":"","ocean_menu_link_background":"","ocean_menu_link_hover_background":"","ocean_menu_link_active_background":"","ocean_menu_social_links_bg":"","ocean_menu_social_hover_links_bg":"","ocean_menu_social_links_color":"","ocean_menu_social_hover_links_color":"","ocean_disable_title":"default","ocean_disable_heading":"default","ocean_post_title":"","ocean_post_subheading":"","ocean_post_title_style":"","ocean_post_title_background_color":"","ocean_post_title_background":0,"ocean_post_title_bg_image_position":"","ocean_post_title_bg_image_attachment":"","ocean_post_title_bg_image_repeat":"","ocean_post_title_bg_image_size":"","ocean_post_title_height":0,"ocean_post_title_bg_overlay":0.5,"ocean_post_title_bg_overlay_color":"","ocean_disable_breadcrumbs":"default","ocean_breadcrumbs_color":"","ocean_breadcrumbs_separator_color":"","ocean_breadcrumbs_links_color":"","ocean_breadcrumbs_links_hover_color":"","ocean_display_footer_widgets":"default","ocean_display_footer_bottom":"default","ocean_custom_footer_template":"0","footnotes":""},"class_list":["post-4999","page","type-page","status-publish","hentry","entry"],"aioseo_notices":[],"_links":{"self":[{"href":"https:\/\/lesnaturalistesdeletoile.com\/index.php\/wp-json\/wp\/v2\/pages\/4999","targetHints":{"allow":["GET"]}}],"collection":[{"href":"https:\/\/lesnaturalistesdeletoile.com\/index.php\/wp-json\/wp\/v2\/pages"}],"about":[{"href":"https:\/\/lesnaturalistesdeletoile.com\/index.php\/wp-json\/wp\/v2\/types\/page"}],"author":[{"embeddable":true,"href":"https:\/\/lesnaturalistesdeletoile.com\/index.php\/wp-json\/wp\/v2\/users\/7"}],"replies":[{"embeddable":true,"href":"https:\/\/lesnaturalistesdeletoile.com\/index.php\/wp-json\/wp\/v2\/comments?post=4999"}],"version-history":[{"count":2,"href":"https:\/\/lesnaturalistesdeletoile.com\/index.php\/wp-json\/wp\/v2\/pages\/4999\/revisions"}],"predecessor-version":[{"id":7476,"href":"https:\/\/lesnaturalistesdeletoile.com\/index.php\/wp-json\/wp\/v2\/pages\/4999\/revisions\/7476"}],"wp:attachment":[{"href":"https:\/\/lesnaturalistesdeletoile.com\/index.php\/wp-json\/wp\/v2\/media?parent=4999"}],"curies":[{"name":"wp","href":"https:\/\/api.w.org\/{rel}","templated":true}]}}